{"id":82,"date":"2025-06-29T14:42:43","date_gmt":"2025-06-29T12:42:43","guid":{"rendered":"https:\/\/zarobkowyinsider.pl\/?post_type=product&#038;p=82"},"modified":"2026-02-11T13:55:49","modified_gmt":"2026-02-11T12:55:49","slug":"zmeczenie-to-iluzja","status":"publish","type":"product","link":"https:\/\/zarobkowyinsider.pl\/?product=zmeczenie-to-iluzja","title":{"rendered":"Zm\u0119czenie to ILUZJA &#8211; Jak pokona\u0107 mentalne blokady i odzyska\u0107 energi\u0119 (PDF)"},"content":{"rendered":"<div class=\"zi-upsell-mini\" aria-label=\"Najcz\u0119\u015bciej kupowane razem\">\n<div class=\"zi-upsell-mini__label\">Najcz\u0119\u015bciej kupowane razem<\/div>\n<p>  <a class=\"zi-upsell-mini__card\" href=https:\/\/zarobkowyinsider.pl\/?product=pakiet-rozwojowy-najlepszy-na-start><br \/>\n    <img decoding=\"async\" class=\"zi-upsell-mini__img\" src=\"https:\/\/zarobkowyinsider.pl\/wp-content\/uploads\/2026\/02\/LACZONY-PROFUKT.png\" alt=\"Komplet: E-book + Filtry Skuteczno\u015bci\"><\/p>\n<div class=\"zi-upsell-mini__text\">\n<div class=\"zi-upsell-mini__title\">E-book + Filtry Skuteczno\u015bci<\/div>\n<div class=\"zi-upsell-mini__sub\">Taniej w komplecie<\/div>\n<\/p><\/div>\n<p>    <span class=\"zi-upsell-mini__btn\">Zobacz \u2192<\/span><br \/>\n  <\/a>\n<\/div>\n<p><strong>Zm\u0119czenie to nie brak si\u0142. To znak, \u017ce Tw\u00f3j umys\u0142 ma do\u015b\u0107 iluzji, w kt\u00f3rych tkwisz.<\/strong><\/p>\n<p>Je\u015bli czujesz, \u017ce odpoczynek nie daje Ci prawdziwej ulgi, a mimo to codziennie funkcjonujesz jak na autopilocie \u2013 <em>ta ksi\u0105\u017cka jest dla Ciebie.<\/em><\/p>\n<p>Napisa\u0142em j\u0105, bo sam tego do\u015bwiadczy\u0142em.<br \/>\n<span style=\"font-size: 16px; -webkit-text-size-adjust: 100%;\">Widzia\u0142em, jak ludzie \u2014 z pozoru silni, zmotywowani i ambitni \u2014 wypalaj\u0105 si\u0119 nie z powodu braku dzia\u0142ania, ale przez to, \u017ce pr\u00f3buj\u0105 nad\u0105\u017cy\u0107 za czym\u015b, co nie daje im ju\u017c sensu.<\/span><\/p>\n<p>W ksi\u0105\u017cce \u201e<b>Zm\u0119czenie to ILUZJA<\/b>\u201d pokazuj\u0119, \u017ce mentalne wyczerpanie ma swoje g\u0142\u0119bsze \u017ar\u00f3d\u0142a.<br \/>\n<span style=\"font-size: 16px; -webkit-text-size-adjust: 100%;\">Nie zawsze chodzi o ilo\u015b\u0107 obowi\u0105zk\u00f3w. Cz\u0119sto chodzi o to, <\/span><i style=\"-webkit-text-size-adjust: 100%;\">jak my\u015blimy, czym si\u0119 karmimy informacyjnie i jakie schematy kieruj\u0105 naszym \u017cyciem<\/i><span style=\"font-size: 16px; -webkit-text-size-adjust: 100%;\">.<br \/>\n<\/span><span style=\"font-size: 16px; -webkit-text-size-adjust: 100%;\">Zrozumienie tego jest pierwszym krokiem do odzyskania kontroli \u2014 nie przez motywacyjne has\u0142a, ale przez konkretne zmiany w \u015bwiadomo\u015bci.<\/span><\/p>\n<p><b>W tej ksi\u0105\u017cce znajdziesz:<\/b><\/p>\n<p><svg class=\"zi-icon\" viewBox=\"0 0 24 24\"><circle cx=\"12\" cy=\"12\" r=\"10\" fill=\"none\" stroke=\"currentColor\" stroke-width=\"1.6\"><\/circle><path d=\"M8 12.5 10.5 15 16 9.5\" fill=\"none\" stroke=\"currentColor\" stroke-width=\"1.6\" stroke-linecap=\"round\" stroke-linejoin=\"round\"><\/path><\/svg> zrozumia\u0142e wyja\u015bnienie, sk\u0105d bierze si\u0119 poczucie \u201e<i>braku energii<\/i>\u201d<br \/>\n<span style=\"font-size: 16px; -webkit-text-size-adjust: 100%;\"><br \/>\n<svg class=\"zi-icon\" viewBox=\"0 0 24 24\"><circle cx=\"12\" cy=\"12\" r=\"10\" fill=\"none\" stroke=\"currentColor\" stroke-width=\"1.6\"><\/circle><path d=\"M8 12.5 10.5 15 16 9.5\" fill=\"none\" stroke=\"currentColor\" stroke-width=\"1.6\" stroke-linecap=\"round\" stroke-linejoin=\"round\"><\/path><\/svg> przyk\u0142ady z \u017cycia &#8211; nie tylko moje, ale te\u017c innych ludzi, kt\u00f3rzy wyszli z tego stanu<\/span><\/p>\n<p><svg class=\"zi-icon\" viewBox=\"0 0 24 24\"><circle cx=\"12\" cy=\"12\" r=\"10\" fill=\"none\" stroke=\"currentColor\" stroke-width=\"1.6\"><\/circle><path d=\"M8 12.5 10.5 15 16 9.5\" fill=\"none\" stroke=\"currentColor\" stroke-width=\"1.6\" stroke-linecap=\"round\" stroke-linejoin=\"round\"><\/path><\/svg> naukowe wyja\u015bnienia, podane prostym j\u0119zykiem<\/p>\n<p><svg class=\"zi-icon\" viewBox=\"0 0 24 24\"><circle cx=\"12\" cy=\"12\" r=\"10\" fill=\"none\" stroke=\"currentColor\" stroke-width=\"1.6\"><\/circle><path d=\"M8 12.5 10.5 15 16 9.5\" fill=\"none\" stroke=\"currentColor\" stroke-width=\"1.6\" stroke-linecap=\"round\" stroke-linejoin=\"round\"><\/path><\/svg> konkretne \u0107wiczenia, dzi\u0119ki kt\u00f3rym zaczniesz czu\u0107 zmian\u0119 ju\u017c w trakcie czytania<\/p>\n<div class=\"zi-testimonials\">\n<div class=\"zi-testimonials-header\"><span class=\"zi-testimonials-star\"><svg class=\"zi-icon\" viewBox=\"0 0 24 24\"><path d=\"M12 3.5 14.9 9 21 9.8 16.5 13.8 17.8 19.9 12 16.8 6.2 19.9 7.5 13.8 3 9.8 9.1 9z\" fill=\"currentColor\"><\/path><\/svg><br \/>\n<\/span><\/p>\n<div class=\"zi-testimonials-header-text\">\n<div class=\"zi-testimonials-title\">Zanim opowiem Ci dalej &#8211; zobacz, co m\u00f3wi\u0105 inni, kt\u00f3rzy ju\u017c przeszli t\u0119 drog\u0119:<\/div>\n<div class=\"zi-testimonials-rating\">5.0 \/ 5 \u2014 na podstawie opinii czytelnik\u00f3w<\/div>\n<\/div>\n<\/div>\n<div class=\"zi-testimonials-grid\">\n<div class=\"zi-testimonial\">\n<div class=\"zi-testimonial-avatar\">M<\/div>\n<div class=\"zi-testimonial-bubble\">\n<p>\u201eMy\u015bla\u0142am, \u017ce po prostu jestem leniwa. Dopiero ta ksi\u0105\u017cka otworzy\u0142a mi oczy i pierwszy raz zobaczy\u0142am, \u017ce to m\u00f3j umys\u0142 jest przeci\u0105\u017cony, polecam ka\u017cdemu.\u201d<\/p>\n<div class=\"zi-testimonial-meta\">Czytelniczka, 32 lata<\/div>\n<\/div>\n<\/div>\n<div class=\"zi-testimonial\">\n<div class=\"zi-testimonial-avatar\">P<\/div>\n<div class=\"zi-testimonial-bubble\">\n<p>\u201ePracuj\u0119 na zmiany i ci\u0105gle czu\u0142em si\u0119 jak zombie. \u0106wiczenia z map\u0105 energii da\u0142y mi wreszcie konkret &#8211; wiem, co mnie wyczerpuje, a co dodaje si\u0142\u201d<\/p>\n<div class=\"zi-testimonial-meta\">Czytelnik, 28 lat<\/div>\n<\/div>\n<\/div>\n<div class=\"zi-testimonial\">\n<div class=\"zi-testimonial-avatar\">A<\/div>\n<div class=\"zi-testimonial-bubble\">\n<p>\u201eCzytam du\u017co o rozwoju, ale ta ksi\u0105\u017cka jako pierwsza po\u0142\u0105czy\u0142a nauk\u0119 z normalnym, ludzkim j\u0119zykiem. Zero pustych hase\u0142, same konkrety, pozdrawiam!\u201d<\/p>\n<div class=\"zi-testimonial-meta\">Czytelniczka, 21 lat<\/div>\n<\/div>\n<\/div>\n<div class=\"zi-testimonial\">\n<div class=\"zi-testimonial-avatar\">K<\/div>\n<div class=\"zi-testimonial-bubble\">\n<p>\u201eNajbardziej uderzy\u0142o mnie to, jak autor opisuje iluzj\u0119 zm\u0119czenia. Zrozumia\u0142em, \u017ce nie jestem \u201ezepsuty\u201d tylko po prostu przez lata \u017ale zarz\u0105dza\u0142em swoj\u0105 g\u0142ow\u0105.\u201d<\/p>\n<div class=\"zi-testimonial-meta\">Czytelnik, 35 lat<\/div>\n<\/div>\n<\/div>\n<\/div>\n<\/div>\n<p>Nie pisz\u0119 tego jako guru.<\/p>\n<p>Pisz\u0119 jako kto\u015b, kto zbudowa\u0142 siebie od zera.<\/p>\n<p>Je\u015bli jeste\u015b osob\u0105, kt\u00f3ra ma dosy\u0107 bycia w trybie przetrwania i chce odzyska\u0107 w\u0142asny rytm \u2014 jestem pewien, \u017ce w tej ksi\u0105\u017cce odnajdziesz cz\u0119\u015b\u0107 siebie.<\/p>\n<p><svg class=\"zi-icon\" viewBox=\"0 0 24 24\" aria-hidden=\"true\">\n  <path d=\"M5 12h14\" fill=\"none\" stroke=\"currentColor\" stroke-width=\"1.6\" stroke-linecap=\"round\" \/>\n  <path d=\"M13 6l6 6-6 6\" fill=\"none\" stroke=\"currentColor\" stroke-width=\"1.6\" stroke-linecap=\"round\" stroke-linejoin=\"round\" \/>\n<\/svg> 91 stron w formacie PDF<\/p>\n<p><svg class=\"zi-icon\" viewBox=\"0 0 24 24\" aria-hidden=\"true\">\n  <path d=\"M5 12h14\" fill=\"none\" stroke=\"currentColor\" stroke-width=\"1.6\" stroke-linecap=\"round\" \/>\n  <path d=\"M13 6l6 6-6 6\" fill=\"none\" stroke=\"currentColor\" stroke-width=\"1.6\" stroke-linecap=\"round\" stroke-linejoin=\"round\" \/>\n<\/svg> do natychmiastowego pobrania po zakupie<\/p>\n<p><svg class=\"zi-icon\" viewBox=\"0 0 24 24\" aria-hidden=\"true\">\n  <path d=\"M5 12h14\" fill=\"none\" stroke=\"currentColor\" stroke-width=\"1.6\" stroke-linecap=\"round\" \/>\n  <path d=\"M13 6l6 6-6 6\" fill=\"none\" stroke=\"currentColor\" stroke-width=\"1.6\" stroke-linecap=\"round\" stroke-linejoin=\"round\" \/>\n<\/svg> gotowe do czytania na komputerze, tablecie i telefonie<\/p>\n<hr style=\"margin: 40px 0; border: 0; border-top: 1px solid #e0e0e0;\" \/>\n<div class=\"zi-bottom-cta\" style=\"background: #0D0D0D; padding: 25px 20px 30px; border-radius: 10px; margin-top: 20px; text-align: center;\">\n<h3 style=\"color: #ffffff; font-size: 20px; margin: 0 0 15px 0;\">\n<svg class=\"zi-icon\" viewBox=\"0 0 24 24\" aria-hidden=\"true\">\n  <path d=\"M15.1 7.3c-.8-1.2-1.2-2.5-1.2-3.8 0-.5-.4-.9-.9-.9-.3 0-.6.2-.8.4C10.2 5.2 9 7.8 9 10.5c0 2.1 1.2 3.9 3 4.7-1.1.6-2.4.8-3.7.4-.4-.1-.9.1-1.1.5-.3.4-.2.9.1 1.2 1.4 1.4 3.4 2.2 5.4 1.9 3.3-.5 5.8-3.4 5.8-6.8 0-2.2-1.1-4.4-3.4-6.1z\" \n  fill=\"none\" \n  stroke=\"currentColor\" \n  stroke-width=\"1.6\" \n  stroke-linecap=\"round\" \n  stroke-linejoin=\"round\"\/>\n<\/svg> Gotowy odzyska\u0107 energi\u0119?<\/h3>\n<p style=\"color: #cccccc; font-size: 15px; margin: 0 0 22px 0;\">Zr\u00f3b pierwszy krok ju\u017c teraz &#8211; Twoja zmiana zaczyna si\u0119 tu i teraz.<\/p>\n<p><a style=\"display: inline-flex; justify-content: center; align-items: center; background: #0f7a5c; color: #ffffff; padding: 14px 30px; border-radius: 8px; font-size: 16px; font-weight: 600; text-decoration: none; line-height: 1.2;\" href=\"https:\/\/zarobkowyinsider.pl\/?add-to-cart=82\"><br \/>\n<span style=\"position: relative; top: -8px;\"><br \/>\nKup teraz &#8211; zacznij ju\u017c dzi\u015b!<br \/>\n<\/span><br \/>\n<\/a><\/p>\n<\/div>\n","protected":false},"excerpt":{"rendered":"<div class=\"zi-version-switcher\">\n    <span class=\"zi-version-pill zi-version-pill--active\">EBOOK<\/span><br \/>\n    <a class=\"zi-version-pill\" href=\"https:\/\/zarobkowyinsider.pl\/?product=zmeczenie-to-iluzja-ksiazka-o-tym-jak-pokonac-mentalne-blokady-i-odzyskac-energie\"><br \/>\n        WERSJA DRUKOWANA<br \/>\n    <\/a>\n<\/div>\n<p style=\"display:flex;align-items:flex-start;gap:10px;margin-bottom:22px;\">\n    <svg xmlns=\"http:\/\/www.w3.org\/2000\/svg\" width=\"20\" height=\"20\" fill=\"#D4AF37\" viewBox=\"0 0 24 24\">\n        <path d=\"M20 6L9 17l-5-5\" stroke=\"#D4AF37\" stroke-width=\"2\" fill=\"none\" stroke-linecap=\"round\" stroke-linejoin=\"round\"\/>\n    <\/svg> Praktyczne techniki, kt\u00f3re daj\u0105 efekt ju\u017c po pierwszym dniu.\n<\/p>\n<p style=\"display:flex;align-items:flex-start;gap:10px;margin-bottom:22px;\">\n    <svg xmlns=\"http:\/\/www.w3.org\/2000\/svg\" width=\"20\" height=\"20\" fill=\"#D4AF37\" viewBox=\"0 0 24 24\">\n        <path d=\"M20 6L9 17l-5-5\" stroke=\"#D4AF37\" stroke-width=\"2\" fill=\"none\" stroke-linecap=\"round\" stroke-linejoin=\"round\"\/>\n    <\/svg> Bez \u201epustej motywacji\u201d \u2013 konkretne rozwi\u0105zania na zm\u0119czenie mentalne.\n<\/p>\n<p style=\"display:flex;align-items:flex-start;gap:10px;margin-bottom:22px;\">\n    <svg xmlns=\"http:\/\/www.w3.org\/2000\/svg\" width=\"20\" height=\"20\" fill=\"#D4AF37\" viewBox=\"0 0 24 24\">\n        <path d=\"M20 6L9 17l-5-5\" stroke=\"#D4AF37\" stroke-width=\"2\" fill=\"none\" stroke-linecap=\"round\" stroke-linejoin=\"round\"\/>\n    <\/svg> System, kt\u00f3ry przywraca energi\u0119 i jasno\u015b\u0107 umys\u0142u krok po kroku.\n<\/p>\n<div class=\"zi-alert-box\">\n<div class=\"zi-alert-header\">\n    <span class=\"zi-alert-dot\"><\/span><br \/>\n    <span class=\"zi-alert-title\">UWAGA:<\/span>\n  <\/div>\n<div class=\"zi-alert-body\">\n<p>Czytanie tej ksi\u0105\u017cki mo\u017ce skutkowa\u0107:<\/p>\n<ul class=\"zi-alert-list\">\n<li>&#8211; <span>zrozumieniem w\u0142asnego zm\u0119czenia<\/span><\/li>\n<li>&#8211; <span>nag\u0142ym przyp\u0142ywem energii<\/span><\/li>\n<li>&#8211; <span>zmian\u0105 sposobu my\u015blenia<\/span><\/li>\n<li>&#8211; <span>odzyskaniem kontroli nad swoim \u017cyciem<\/span><\/li>\n<\/ul>\n<p class=\"zi-alert-strong\">Kupujesz na w\u0142asn\u0105 odpowiedzialno\u015b\u0107.<\/p>\n<\/p><\/div>\n<\/div>\n<div class=\"zi-benefits-row\">\n<div class=\"zi-benefit\">\n    <span class=\"zi-benefit-icon\"><br \/>\n      <!-- ikona dost\u0119pu --><br \/>\n      <svg viewBox=\"0 0 24 24\">\n        <path d=\"M12 2a10 10 0 1 0 10 10A10 10 0 0 0 12 2zm1 14.5h-2V11h2zm0-7h-2V7h2z\"\/>\n      <\/svg><br \/>\n    <\/span><br \/>\n    <span class=\"zi-benefit-text\">NATYCHMIASTOWY DOST\u0118P PO ZAKUPIE<\/span>\n  <\/div>\n<div class=\"zi-benefit\">\n    <span class=\"zi-benefit-icon\"><br \/>\n      <!-- gwiazdka \u2013 polski produkt --><br \/>\n      <svg viewBox=\"0 0 24 24\">\n        <path d=\"M12 2l2.39 6.96H22l-5.45 3.96L18.94 20 12 15.9 5.06 20l2.39-7.08L2 8.96h7.61z\"\/>\n      <\/svg><br \/>\n    <\/span><br \/>\n    <span class=\"zi-benefit-text\">POLSKI PRODUKT<\/span>\n  <\/div>\n<\/div>\n","protected":false},"featured_media":206,"comment_status":"open","ping_status":"closed","template":"","meta":[],"product_brand":[],"product_cat":[19],"product_tag":[],"class_list":{"0":"post-82","1":"product","2":"type-product","3":"status-publish","4":"has-post-thumbnail","6":"product_cat-ksiazki-ebooki","8":"first","9":"instock","10":"sale","11":"downloadable","12":"virtual","13":"purchasable","14":"product-type-simple"},"yoast_head":"<!-- This site is optimized with the Yoast SEO plugin v27.4 - https:\/\/yoast.com\/product\/yoast-seo-wordpress\/ -->\n<title>Zm\u0119czenie to ILUZJA - Jak pokona\u0107 mentalne blokady i odzyska\u0107 energi\u0119 (PDF) - Zarobkowy Insider<\/title>\n<meta name=\"description\" content=\"Odkryj, jak odzyska\u0107 energi\u0119 i wyrwa\u0107 si\u0119 z mentalnego zm\u0119czenia. Ebook PDF do pobrania od razu!\" \/>\n<meta name=\"robots\" content=\"index, follow, max-snippet:-1, max-image-preview:large, max-video-preview:-1\" \/>\n<link rel=\"canonical\" href=\"https:\/\/zarobkowyinsider.pl\/?product=zmeczenie-to-iluzja\" \/>\n<meta property=\"og:locale\" content=\"en_US\" \/>\n<meta property=\"og:type\" content=\"article\" \/>\n<meta property=\"og:title\" content=\"Zm\u0119czenie to ILUZJA - Jak pokona\u0107 mentalne blokady i odzyska\u0107 energi\u0119 (PDF) - Zarobkowy Insider\" \/>\n<meta property=\"og:description\" content=\"Odkryj, jak odzyska\u0107 energi\u0119 i wyrwa\u0107 si\u0119 z mentalnego zm\u0119czenia. Ebook PDF do pobrania od razu!\" \/>\n<meta property=\"og:url\" content=\"https:\/\/zarobkowyinsider.pl\/?product=zmeczenie-to-iluzja\" \/>\n<meta property=\"og:site_name\" content=\"Zarobkowy Insider\" \/>\n<meta property=\"article:modified_time\" content=\"2026-02-11T12:55:49+00:00\" \/>\n<meta property=\"og:image\" content=\"https:\/\/zarobkowyinsider.pl\/wp-content\/uploads\/2025\/06\/produkt-ebook.png\" \/>\n\t<meta property=\"og:image:width\" content=\"1080\" \/>\n\t<meta property=\"og:image:height\" content=\"1080\" \/>\n\t<meta property=\"og:image:type\" content=\"image\/png\" \/>\n<meta name=\"twitter:card\" content=\"summary_large_image\" \/>\n<meta name=\"twitter:label1\" content=\"Est. reading time\" \/>\n\t<meta name=\"twitter:data1\" content=\"3 minutes\" \/>\n<script type=\"application\/ld+json\" class=\"yoast-schema-graph\">{\"@context\":\"https:\\\/\\\/schema.org\",\"@graph\":[{\"@type\":\"WebPage\",\"@id\":\"https:\\\/\\\/zarobkowyinsider.pl\\\/?product=zmeczenie-to-iluzja\",\"url\":\"https:\\\/\\\/zarobkowyinsider.pl\\\/?product=zmeczenie-to-iluzja\",\"name\":\"Zm\u0119czenie to ILUZJA - Jak pokona\u0107 mentalne blokady i odzyska\u0107 energi\u0119 (PDF) - Zarobkowy Insider\",\"isPartOf\":{\"@id\":\"https:\\\/\\\/zarobkowyinsider.pl\\\/#website\"},\"primaryImageOfPage\":{\"@id\":\"https:\\\/\\\/zarobkowyinsider.pl\\\/?product=zmeczenie-to-iluzja#primaryimage\"},\"image\":{\"@id\":\"https:\\\/\\\/zarobkowyinsider.pl\\\/?product=zmeczenie-to-iluzja#primaryimage\"},\"thumbnailUrl\":\"https:\\\/\\\/zarobkowyinsider.pl\\\/wp-content\\\/uploads\\\/2025\\\/06\\\/produkt-ebook.png\",\"datePublished\":\"2025-06-29T12:42:43+00:00\",\"dateModified\":\"2026-02-11T12:55:49+00:00\",\"description\":\"Odkryj, jak odzyska\u0107 energi\u0119 i wyrwa\u0107 si\u0119 z mentalnego zm\u0119czenia. Ebook PDF do pobrania od razu!\",\"breadcrumb\":{\"@id\":\"https:\\\/\\\/zarobkowyinsider.pl\\\/?product=zmeczenie-to-iluzja#breadcrumb\"},\"inLanguage\":\"en-US\",\"potentialAction\":[{\"@type\":\"ReadAction\",\"target\":[\"https:\\\/\\\/zarobkowyinsider.pl\\\/?product=zmeczenie-to-iluzja\"]}]},{\"@type\":\"ImageObject\",\"inLanguage\":\"en-US\",\"@id\":\"https:\\\/\\\/zarobkowyinsider.pl\\\/?product=zmeczenie-to-iluzja#primaryimage\",\"url\":\"https:\\\/\\\/zarobkowyinsider.pl\\\/wp-content\\\/uploads\\\/2025\\\/06\\\/produkt-ebook.png\",\"contentUrl\":\"https:\\\/\\\/zarobkowyinsider.pl\\\/wp-content\\\/uploads\\\/2025\\\/06\\\/produkt-ebook.png\",\"width\":1080,\"height\":1080},{\"@type\":\"BreadcrumbList\",\"@id\":\"https:\\\/\\\/zarobkowyinsider.pl\\\/?product=zmeczenie-to-iluzja#breadcrumb\",\"itemListElement\":[{\"@type\":\"ListItem\",\"position\":1,\"name\":\"Strona g\u0142\u00f3wna\",\"item\":\"https:\\\/\\\/zarobkowyinsider.pl\\\/\"},{\"@type\":\"ListItem\",\"position\":2,\"name\":\"Oficjalny sklep\",\"item\":\"https:\\\/\\\/zarobkowyinsider.pl\\\/?page_id=171\"},{\"@type\":\"ListItem\",\"position\":3,\"name\":\"Zm\u0119czenie to ILUZJA &#8211; Jak pokona\u0107 mentalne blokady i odzyska\u0107 energi\u0119 (PDF)\"}]},{\"@type\":\"WebSite\",\"@id\":\"https:\\\/\\\/zarobkowyinsider.pl\\\/#website\",\"url\":\"https:\\\/\\\/zarobkowyinsider.pl\\\/\",\"name\":\"Zarobkowy Insider\",\"description\":\"\",\"potentialAction\":[{\"@type\":\"SearchAction\",\"target\":{\"@type\":\"EntryPoint\",\"urlTemplate\":\"https:\\\/\\\/zarobkowyinsider.pl\\\/?s={search_term_string}\"},\"query-input\":{\"@type\":\"PropertyValueSpecification\",\"valueRequired\":true,\"valueName\":\"search_term_string\"}}],\"inLanguage\":\"en-US\"}]}<\/script>\n<!-- \/ Yoast SEO plugin. -->","yoast_head_json":{"title":"Zm\u0119czenie to ILUZJA - Jak pokona\u0107 mentalne blokady i odzyska\u0107 energi\u0119 (PDF) - Zarobkowy Insider","description":"Odkryj, jak odzyska\u0107 energi\u0119 i wyrwa\u0107 si\u0119 z mentalnego zm\u0119czenia. Ebook PDF do pobrania od razu!","robots":{"index":"index","follow":"follow","max-snippet":"max-snippet:-1","max-image-preview":"max-image-preview:large","max-video-preview":"max-video-preview:-1"},"canonical":"https:\/\/zarobkowyinsider.pl\/?product=zmeczenie-to-iluzja","og_locale":"en_US","og_type":"article","og_title":"Zm\u0119czenie to ILUZJA - Jak pokona\u0107 mentalne blokady i odzyska\u0107 energi\u0119 (PDF) - Zarobkowy Insider","og_description":"Odkryj, jak odzyska\u0107 energi\u0119 i wyrwa\u0107 si\u0119 z mentalnego zm\u0119czenia. Ebook PDF do pobrania od razu!","og_url":"https:\/\/zarobkowyinsider.pl\/?product=zmeczenie-to-iluzja","og_site_name":"Zarobkowy Insider","article_modified_time":"2026-02-11T12:55:49+00:00","og_image":[{"width":1080,"height":1080,"url":"https:\/\/zarobkowyinsider.pl\/wp-content\/uploads\/2025\/06\/produkt-ebook.png","type":"image\/png"}],"twitter_card":"summary_large_image","twitter_misc":{"Est. reading time":"3 minutes"},"schema":{"@context":"https:\/\/schema.org","@graph":[{"@type":"WebPage","@id":"https:\/\/zarobkowyinsider.pl\/?product=zmeczenie-to-iluzja","url":"https:\/\/zarobkowyinsider.pl\/?product=zmeczenie-to-iluzja","name":"Zm\u0119czenie to ILUZJA - Jak pokona\u0107 mentalne blokady i odzyska\u0107 energi\u0119 (PDF) - Zarobkowy Insider","isPartOf":{"@id":"https:\/\/zarobkowyinsider.pl\/#website"},"primaryImageOfPage":{"@id":"https:\/\/zarobkowyinsider.pl\/?product=zmeczenie-to-iluzja#primaryimage"},"image":{"@id":"https:\/\/zarobkowyinsider.pl\/?product=zmeczenie-to-iluzja#primaryimage"},"thumbnailUrl":"https:\/\/zarobkowyinsider.pl\/wp-content\/uploads\/2025\/06\/produkt-ebook.png","datePublished":"2025-06-29T12:42:43+00:00","dateModified":"2026-02-11T12:55:49+00:00","description":"Odkryj, jak odzyska\u0107 energi\u0119 i wyrwa\u0107 si\u0119 z mentalnego zm\u0119czenia. Ebook PDF do pobrania od razu!","breadcrumb":{"@id":"https:\/\/zarobkowyinsider.pl\/?product=zmeczenie-to-iluzja#breadcrumb"},"inLanguage":"en-US","potentialAction":[{"@type":"ReadAction","target":["https:\/\/zarobkowyinsider.pl\/?product=zmeczenie-to-iluzja"]}]},{"@type":"ImageObject","inLanguage":"en-US","@id":"https:\/\/zarobkowyinsider.pl\/?product=zmeczenie-to-iluzja#primaryimage","url":"https:\/\/zarobkowyinsider.pl\/wp-content\/uploads\/2025\/06\/produkt-ebook.png","contentUrl":"https:\/\/zarobkowyinsider.pl\/wp-content\/uploads\/2025\/06\/produkt-ebook.png","width":1080,"height":1080},{"@type":"BreadcrumbList","@id":"https:\/\/zarobkowyinsider.pl\/?product=zmeczenie-to-iluzja#breadcrumb","itemListElement":[{"@type":"ListItem","position":1,"name":"Strona g\u0142\u00f3wna","item":"https:\/\/zarobkowyinsider.pl\/"},{"@type":"ListItem","position":2,"name":"Oficjalny sklep","item":"https:\/\/zarobkowyinsider.pl\/?page_id=171"},{"@type":"ListItem","position":3,"name":"Zm\u0119czenie to ILUZJA &#8211; Jak pokona\u0107 mentalne blokady i odzyska\u0107 energi\u0119 (PDF)"}]},{"@type":"WebSite","@id":"https:\/\/zarobkowyinsider.pl\/#website","url":"https:\/\/zarobkowyinsider.pl\/","name":"Zarobkowy Insider","description":"","potentialAction":[{"@type":"SearchAction","target":{"@type":"EntryPoint","urlTemplate":"https:\/\/zarobkowyinsider.pl\/?s={search_term_string}"},"query-input":{"@type":"PropertyValueSpecification","valueRequired":true,"valueName":"search_term_string"}}],"inLanguage":"en-US"}]}},"_links":{"self":[{"href":"https:\/\/zarobkowyinsider.pl\/index.php?rest_route=\/wp\/v2\/product\/82","targetHints":{"allow":["GET"]}}],"collection":[{"href":"https:\/\/zarobkowyinsider.pl\/index.php?rest_route=\/wp\/v2\/product"}],"about":[{"href":"https:\/\/zarobkowyinsider.pl\/index.php?rest_route=\/wp\/v2\/types\/product"}],"replies":[{"embeddable":true,"href":"https:\/\/zarobkowyinsider.pl\/index.php?rest_route=%2Fwp%2Fv2%2Fcomments&post=82"}],"wp:featuredmedia":[{"embeddable":true,"href":"https:\/\/zarobkowyinsider.pl\/index.php?rest_route=\/wp\/v2\/media\/206"}],"wp:attachment":[{"href":"https:\/\/zarobkowyinsider.pl\/index.php?rest_route=%2Fwp%2Fv2%2Fmedia&parent=82"}],"wp:term":[{"taxonomy":"product_brand","embeddable":true,"href":"https:\/\/zarobkowyinsider.pl\/index.php?rest_route=%2Fwp%2Fv2%2Fproduct_brand&post=82"},{"taxonomy":"product_cat","embeddable":true,"href":"https:\/\/zarobkowyinsider.pl\/index.php?rest_route=%2Fwp%2Fv2%2Fproduct_cat&post=82"},{"taxonomy":"product_tag","embeddable":true,"href":"https:\/\/zarobkowyinsider.pl\/index.php?rest_route=%2Fwp%2Fv2%2Fproduct_tag&post=82"}],"curies":[{"name":"wp","href":"https:\/\/api.w.org\/{rel}","templated":true}]}}