{"id":71,"date":"2025-06-29T14:23:59","date_gmt":"2025-06-29T12:23:59","guid":{"rendered":"https:\/\/zarobkowyinsider.pl\/?page_id=71"},"modified":"2025-09-16T12:15:34","modified_gmt":"2025-09-16T10:15:34","slug":"o-mnie","status":"publish","type":"page","link":"https:\/\/zarobkowyinsider.pl\/?page_id=71","title":{"rendered":"O mnie"},"content":{"rendered":"\t\t<div data-elementor-type=\"wp-page\" data-elementor-id=\"71\" class=\"elementor elementor-71\">\n\t\t\t\t<div class=\"elementor-element elementor-element-b3a5e09 e-flex e-con-boxed e-con e-parent\" data-id=\"b3a5e09\" data-element_type=\"container\" data-e-type=\"container\">\n\t\t\t\t\t<div class=\"e-con-inner\">\n\t\t\t\t<div class=\"elementor-element elementor-element-d94882e elementor-widget elementor-widget-image\" data-id=\"d94882e\" data-element_type=\"widget\" data-e-type=\"widget\" data-widget_type=\"image.default\">\n\t\t\t\t\t\t\t\t\t\t\t\t\t\t\t<img decoding=\"async\" width=\"150\" height=\"150\" src=\"https:\/\/zarobkowyinsider.pl\/wp-content\/uploads\/2025\/09\/prof-zi-150x150.png\" class=\"attachment-thumbnail size-thumbnail wp-image-367\" alt=\"\" srcset=\"https:\/\/zarobkowyinsider.pl\/wp-content\/uploads\/2025\/09\/prof-zi-150x150.png 150w, https:\/\/zarobkowyinsider.pl\/wp-content\/uploads\/2025\/09\/prof-zi-300x300.png 300w, https:\/\/zarobkowyinsider.pl\/wp-content\/uploads\/2025\/09\/prof-zi-1024x1024.png 1024w, https:\/\/zarobkowyinsider.pl\/wp-content\/uploads\/2025\/09\/prof-zi-768x768.png 768w, https:\/\/zarobkowyinsider.pl\/wp-content\/uploads\/2025\/09\/prof-zi-1536x1536.png 1536w, https:\/\/zarobkowyinsider.pl\/wp-content\/uploads\/2025\/09\/prof-zi-1320x1320.png 1320w, https:\/\/zarobkowyinsider.pl\/wp-content\/uploads\/2025\/09\/prof-zi-600x600.png 600w, https:\/\/zarobkowyinsider.pl\/wp-content\/uploads\/2025\/09\/prof-zi-100x100.png 100w, https:\/\/zarobkowyinsider.pl\/wp-content\/uploads\/2025\/09\/prof-zi.png 2048w\" sizes=\"(max-width: 150px) 100vw, 150px\" \/>\t\t\t\t\t\t\t\t\t\t\t\t\t\t\t<\/div>\n\t\t\t\t\t<\/div>\n\t\t\t\t<\/div>\n\t\t<div class=\"elementor-element elementor-element-8f086b0 e-flex e-con-boxed e-con e-parent\" data-id=\"8f086b0\" data-element_type=\"container\" data-e-type=\"container\">\n\t\t\t\t\t<div class=\"e-con-inner\">\n\t\t\t\t<div class=\"elementor-element elementor-element-758186e elementor-widget elementor-widget-heading\" data-id=\"758186e\" data-element_type=\"widget\" data-e-type=\"widget\" data-widget_type=\"heading.default\">\n\t\t\t\t\t<h2 class=\"elementor-heading-title elementor-size-default\">\ud83d\udc49 Kim jestem?<\/h2>\t\t\t\t<\/div>\n\t\t\t\t\t<\/div>\n\t\t\t\t<\/div>\n\t\t<div class=\"elementor-element elementor-element-5fe8ff3 e-flex e-con-boxed e-con e-parent\" data-id=\"5fe8ff3\" data-element_type=\"container\" data-e-type=\"container\">\n\t\t\t\t\t<div class=\"e-con-inner\">\n\t\t\t\t<div class=\"elementor-element elementor-element-427b908 elementor-widget elementor-widget-text-editor\" data-id=\"427b908\" data-element_type=\"widget\" data-e-type=\"widget\" data-widget_type=\"text-editor.default\">\n\t\t\t\t\t\t\t\t\t<p>Nazywam si\u0119 Adam Olenicz \u2013 tw\u00f3rca skuteczno\u015bci, autor publikacji o energii i mentalnej sile. Od lat zajmuj\u0119 si\u0119 rozwojem osobistym, dyscyplin\u0105 i odkrywaniem prostych system\u00f3w, kt\u00f3re pozwalaj\u0105 dzia\u0142a\u0107 skuteczniej na co dzie\u0144. Nie jestem teoretykiem \u2013 pracuj\u0119 na zmiany, trenuj\u0119, prowadz\u0119 w\u0142asne projekty i pokazuj\u0119, jak mimo wyzwa\u0144 mo\u017cna odzyska\u0107 energi\u0119 i dzia\u0142a\u0107 wed\u0142ug w\u0142asnych zasad.<\/p>\t\t\t\t\t\t\t\t<\/div>\n\t\t\t\t\t<\/div>\n\t\t\t\t<\/div>\n\t\t<div class=\"elementor-element elementor-element-6f6edbf e-flex e-con-boxed e-con e-parent\" data-id=\"6f6edbf\" data-element_type=\"container\" data-e-type=\"container\">\n\t\t\t\t\t<div class=\"e-con-inner\">\n\t\t\t\t<div class=\"elementor-element elementor-element-b4f9e76 elementor-position-top elementor-widget elementor-widget-image-box\" data-id=\"b4f9e76\" data-element_type=\"widget\" data-e-type=\"widget\" data-widget_type=\"image-box.default\">\n\t\t\t\t\t<div class=\"elementor-image-box-wrapper\"><figure class=\"elementor-image-box-img\"><img fetchpriority=\"high\" decoding=\"async\" width=\"1536\" height=\"2048\" src=\"https:\/\/zarobkowyinsider.pl\/wp-content\/uploads\/2025\/08\/trzeci.png\" class=\"attachment-full size-full wp-image-211\" alt=\"\" srcset=\"https:\/\/zarobkowyinsider.pl\/wp-content\/uploads\/2025\/08\/trzeci.png 1536w, https:\/\/zarobkowyinsider.pl\/wp-content\/uploads\/2025\/08\/trzeci-225x300.png 225w, https:\/\/zarobkowyinsider.pl\/wp-content\/uploads\/2025\/08\/trzeci-768x1024.png 768w, https:\/\/zarobkowyinsider.pl\/wp-content\/uploads\/2025\/08\/trzeci-1152x1536.png 1152w, https:\/\/zarobkowyinsider.pl\/wp-content\/uploads\/2025\/08\/trzeci-1320x1760.png 1320w, https:\/\/zarobkowyinsider.pl\/wp-content\/uploads\/2025\/08\/trzeci-600x800.png 600w\" sizes=\"(max-width: 1536px) 100vw, 1536px\" \/><\/figure><div class=\"elementor-image-box-content\"><h3 class=\"elementor-image-box-title\">Dlaczego powsta\u0142a ta ksi\u0105\u017cka?<\/h3><p class=\"elementor-image-box-description\">Przez lata sam do\u015bwiadcza\u0142em, jak wygl\u0105da \u017cycie w ci\u0105g\u0142ym biegu \u2013 praca zmianowa, brak odpoczynku, spadki energii i poczucie, \u017ce \u201enie da si\u0119 inaczej\u201d.\nWidzia\u0142em, jak wielu ludzi zmaga si\u0119 z tym samym: zm\u0119czeniem, kt\u00f3re odbiera rado\u015b\u0107 z \u017cycia i sprawia, \u017ce nawet najprostsze rzeczy staj\u0105 si\u0119 ci\u0119\u017carem.\n\nTa ksi\u0105\u017cka powsta\u0142a z potrzeby rozprawienia si\u0119 z iluzj\u0105 zm\u0119czenia.\nChcia\u0142em pokaza\u0107, \u017ce to nie tylko kwestia snu czy odpoczynku \u2013 ale mechanizm\u00f3w w naszej g\u0142owie, kt\u00f3re mo\u017cna prze\u0142ama\u0107.\n\nNie znajdziesz tu pustych hase\u0142 motywacyjnych. Znajdziesz konkretne kroki, kt\u00f3re sam stosuj\u0119 na co dzie\u0144 i kt\u00f3re realnie pomagaj\u0105 odzyska\u0107 energi\u0119, jasno\u015b\u0107 my\u015blenia i si\u0142\u0119 do dzia\u0142ania.\n<\/p><\/div><\/div>\t\t\t\t<\/div>\n\t\t\t\t\t<\/div>\n\t\t\t\t<\/div>\n\t\t\t\t<\/div>\n\t\t","protected":false},"excerpt":{"rendered":"<p>\ud83d\udc49 Kim jestem? Nazywam si\u0119 Adam Olenicz \u2013 tw\u00f3rca skuteczno\u015bci, autor publikacji o energii i mentalnej sile. Od lat zajmuj\u0119 si\u0119 rozwojem osobistym, dyscyplin\u0105 i odkrywaniem prostych system\u00f3w, kt\u00f3re pozwalaj\u0105 dzia\u0142a\u0107 skuteczniej na co dzie\u0144. Nie jestem teoretykiem \u2013 pracuj\u0119 na zmiany, trenuj\u0119, prowadz\u0119 w\u0142asne projekty i pokazuj\u0119, jak mimo wyzwa\u0144 mo\u017cna odzyska\u0107 energi\u0119 i [&hellip;]<\/p>\n","protected":false},"author":1,"featured_media":0,"parent":0,"menu_order":0,"comment_status":"closed","ping_status":"closed","template":"","meta":{"footnotes":""},"class_list":["post-71","page","type-page","status-publish","hentry"],"blocksy_meta":[],"yoast_head":"<!-- This site is optimized with the Yoast SEO plugin v27.4 - https:\/\/yoast.com\/product\/yoast-seo-wordpress\/ -->\n<title>O mnie - Zarobkowy Insider<\/title>\n<meta name=\"robots\" content=\"index, follow, max-snippet:-1, max-image-preview:large, max-video-preview:-1\" \/>\n<link rel=\"canonical\" href=\"https:\/\/zarobkowyinsider.pl\/?page_id=71\" \/>\n<meta property=\"og:locale\" content=\"en_US\" \/>\n<meta property=\"og:type\" content=\"article\" \/>\n<meta property=\"og:title\" content=\"O mnie - Zarobkowy Insider\" \/>\n<meta property=\"og:description\" content=\"\ud83d\udc49 Kim jestem? Nazywam si\u0119 Adam Olenicz \u2013 tw\u00f3rca skuteczno\u015bci, autor publikacji o energii i mentalnej sile. Od lat zajmuj\u0119 si\u0119 rozwojem osobistym, dyscyplin\u0105 i odkrywaniem prostych system\u00f3w, kt\u00f3re pozwalaj\u0105 dzia\u0142a\u0107 skuteczniej na co dzie\u0144. Nie jestem teoretykiem \u2013 pracuj\u0119 na zmiany, trenuj\u0119, prowadz\u0119 w\u0142asne projekty i pokazuj\u0119, jak mimo wyzwa\u0144 mo\u017cna odzyska\u0107 energi\u0119 i [&hellip;]\" \/>\n<meta property=\"og:url\" content=\"https:\/\/zarobkowyinsider.pl\/?page_id=71\" \/>\n<meta property=\"og:site_name\" content=\"Zarobkowy Insider\" \/>\n<meta property=\"article:modified_time\" content=\"2025-09-16T10:15:34+00:00\" \/>\n<meta property=\"og:image\" content=\"https:\/\/zarobkowyinsider.pl\/wp-content\/uploads\/2025\/09\/prof-zi-1024x1024.png\" \/>\n\t<meta property=\"og:image:width\" content=\"1024\" \/>\n\t<meta property=\"og:image:height\" content=\"1024\" \/>\n\t<meta property=\"og:image:type\" content=\"image\/png\" \/>\n<meta name=\"twitter:card\" content=\"summary_large_image\" \/>\n<meta name=\"twitter:label1\" content=\"Est. reading time\" \/>\n\t<meta name=\"twitter:data1\" content=\"2 minutes\" \/>\n<script type=\"application\/ld+json\" class=\"yoast-schema-graph\">{\"@context\":\"https:\\\/\\\/schema.org\",\"@graph\":[{\"@type\":\"WebPage\",\"@id\":\"https:\\\/\\\/zarobkowyinsider.pl\\\/?page_id=71\",\"url\":\"https:\\\/\\\/zarobkowyinsider.pl\\\/?page_id=71\",\"name\":\"O mnie - Zarobkowy Insider\",\"isPartOf\":{\"@id\":\"https:\\\/\\\/zarobkowyinsider.pl\\\/#website\"},\"primaryImageOfPage\":{\"@id\":\"https:\\\/\\\/zarobkowyinsider.pl\\\/?page_id=71#primaryimage\"},\"image\":{\"@id\":\"https:\\\/\\\/zarobkowyinsider.pl\\\/?page_id=71#primaryimage\"},\"thumbnailUrl\":\"https:\\\/\\\/zarobkowyinsider.pl\\\/wp-content\\\/uploads\\\/2025\\\/09\\\/prof-zi-150x150.png\",\"datePublished\":\"2025-06-29T12:23:59+00:00\",\"dateModified\":\"2025-09-16T10:15:34+00:00\",\"breadcrumb\":{\"@id\":\"https:\\\/\\\/zarobkowyinsider.pl\\\/?page_id=71#breadcrumb\"},\"inLanguage\":\"en-US\",\"potentialAction\":[{\"@type\":\"ReadAction\",\"target\":[\"https:\\\/\\\/zarobkowyinsider.pl\\\/?page_id=71\"]}]},{\"@type\":\"ImageObject\",\"inLanguage\":\"en-US\",\"@id\":\"https:\\\/\\\/zarobkowyinsider.pl\\\/?page_id=71#primaryimage\",\"url\":\"https:\\\/\\\/zarobkowyinsider.pl\\\/wp-content\\\/uploads\\\/2025\\\/09\\\/prof-zi.png\",\"contentUrl\":\"https:\\\/\\\/zarobkowyinsider.pl\\\/wp-content\\\/uploads\\\/2025\\\/09\\\/prof-zi.png\",\"width\":2048,\"height\":2048},{\"@type\":\"BreadcrumbList\",\"@id\":\"https:\\\/\\\/zarobkowyinsider.pl\\\/?page_id=71#breadcrumb\",\"itemListElement\":[{\"@type\":\"ListItem\",\"position\":1,\"name\":\"Strona g\u0142\u00f3wna\",\"item\":\"https:\\\/\\\/zarobkowyinsider.pl\\\/\"},{\"@type\":\"ListItem\",\"position\":2,\"name\":\"O mnie\"}]},{\"@type\":\"WebSite\",\"@id\":\"https:\\\/\\\/zarobkowyinsider.pl\\\/#website\",\"url\":\"https:\\\/\\\/zarobkowyinsider.pl\\\/\",\"name\":\"Zarobkowy Insider\",\"description\":\"\",\"potentialAction\":[{\"@type\":\"SearchAction\",\"target\":{\"@type\":\"EntryPoint\",\"urlTemplate\":\"https:\\\/\\\/zarobkowyinsider.pl\\\/?s={search_term_string}\"},\"query-input\":{\"@type\":\"PropertyValueSpecification\",\"valueRequired\":true,\"valueName\":\"search_term_string\"}}],\"inLanguage\":\"en-US\"}]}<\/script>\n<!-- \/ Yoast SEO plugin. -->","yoast_head_json":{"title":"O mnie - Zarobkowy Insider","robots":{"index":"index","follow":"follow","max-snippet":"max-snippet:-1","max-image-preview":"max-image-preview:large","max-video-preview":"max-video-preview:-1"},"canonical":"https:\/\/zarobkowyinsider.pl\/?page_id=71","og_locale":"en_US","og_type":"article","og_title":"O mnie - Zarobkowy Insider","og_description":"\ud83d\udc49 Kim jestem? Nazywam si\u0119 Adam Olenicz \u2013 tw\u00f3rca skuteczno\u015bci, autor publikacji o energii i mentalnej sile. Od lat zajmuj\u0119 si\u0119 rozwojem osobistym, dyscyplin\u0105 i odkrywaniem prostych system\u00f3w, kt\u00f3re pozwalaj\u0105 dzia\u0142a\u0107 skuteczniej na co dzie\u0144. Nie jestem teoretykiem \u2013 pracuj\u0119 na zmiany, trenuj\u0119, prowadz\u0119 w\u0142asne projekty i pokazuj\u0119, jak mimo wyzwa\u0144 mo\u017cna odzyska\u0107 energi\u0119 i [&hellip;]","og_url":"https:\/\/zarobkowyinsider.pl\/?page_id=71","og_site_name":"Zarobkowy Insider","article_modified_time":"2025-09-16T10:15:34+00:00","og_image":[{"width":1024,"height":1024,"url":"https:\/\/zarobkowyinsider.pl\/wp-content\/uploads\/2025\/09\/prof-zi-1024x1024.png","type":"image\/png"}],"twitter_card":"summary_large_image","twitter_misc":{"Est. reading time":"2 minutes"},"schema":{"@context":"https:\/\/schema.org","@graph":[{"@type":"WebPage","@id":"https:\/\/zarobkowyinsider.pl\/?page_id=71","url":"https:\/\/zarobkowyinsider.pl\/?page_id=71","name":"O mnie - Zarobkowy Insider","isPartOf":{"@id":"https:\/\/zarobkowyinsider.pl\/#website"},"primaryImageOfPage":{"@id":"https:\/\/zarobkowyinsider.pl\/?page_id=71#primaryimage"},"image":{"@id":"https:\/\/zarobkowyinsider.pl\/?page_id=71#primaryimage"},"thumbnailUrl":"https:\/\/zarobkowyinsider.pl\/wp-content\/uploads\/2025\/09\/prof-zi-150x150.png","datePublished":"2025-06-29T12:23:59+00:00","dateModified":"2025-09-16T10:15:34+00:00","breadcrumb":{"@id":"https:\/\/zarobkowyinsider.pl\/?page_id=71#breadcrumb"},"inLanguage":"en-US","potentialAction":[{"@type":"ReadAction","target":["https:\/\/zarobkowyinsider.pl\/?page_id=71"]}]},{"@type":"ImageObject","inLanguage":"en-US","@id":"https:\/\/zarobkowyinsider.pl\/?page_id=71#primaryimage","url":"https:\/\/zarobkowyinsider.pl\/wp-content\/uploads\/2025\/09\/prof-zi.png","contentUrl":"https:\/\/zarobkowyinsider.pl\/wp-content\/uploads\/2025\/09\/prof-zi.png","width":2048,"height":2048},{"@type":"BreadcrumbList","@id":"https:\/\/zarobkowyinsider.pl\/?page_id=71#breadcrumb","itemListElement":[{"@type":"ListItem","position":1,"name":"Strona g\u0142\u00f3wna","item":"https:\/\/zarobkowyinsider.pl\/"},{"@type":"ListItem","position":2,"name":"O mnie"}]},{"@type":"WebSite","@id":"https:\/\/zarobkowyinsider.pl\/#website","url":"https:\/\/zarobkowyinsider.pl\/","name":"Zarobkowy Insider","description":"","potentialAction":[{"@type":"SearchAction","target":{"@type":"EntryPoint","urlTemplate":"https:\/\/zarobkowyinsider.pl\/?s={search_term_string}"},"query-input":{"@type":"PropertyValueSpecification","valueRequired":true,"valueName":"search_term_string"}}],"inLanguage":"en-US"}]}},"_links":{"self":[{"href":"https:\/\/zarobkowyinsider.pl\/index.php?rest_route=\/wp\/v2\/pages\/71","targetHints":{"allow":["GET"]}}],"collection":[{"href":"https:\/\/zarobkowyinsider.pl\/index.php?rest_route=\/wp\/v2\/pages"}],"about":[{"href":"https:\/\/zarobkowyinsider.pl\/index.php?rest_route=\/wp\/v2\/types\/page"}],"author":[{"embeddable":true,"href":"https:\/\/zarobkowyinsider.pl\/index.php?rest_route=\/wp\/v2\/users\/1"}],"replies":[{"embeddable":true,"href":"https:\/\/zarobkowyinsider.pl\/index.php?rest_route=%2Fwp%2Fv2%2Fcomments&post=71"}],"version-history":[{"count":4,"href":"https:\/\/zarobkowyinsider.pl\/index.php?rest_route=\/wp\/v2\/pages\/71\/revisions"}],"predecessor-version":[{"id":370,"href":"https:\/\/zarobkowyinsider.pl\/index.php?rest_route=\/wp\/v2\/pages\/71\/revisions\/370"}],"wp:attachment":[{"href":"https:\/\/zarobkowyinsider.pl\/index.php?rest_route=%2Fwp%2Fv2%2Fmedia&parent=71"}],"curies":[{"name":"wp","href":"https:\/\/api.w.org\/{rel}","templated":true}]}}